h = 7696 + -3201. What is the units digit of h?
5
Let n = 365 - 27. Suppose 2*m - a + 466 = 6*m, -3*m + n = -5*a. Suppose 2*p - m = -2*p. What is the units digit of p?
9
Suppose -82520 = 3*o - 23*o. What is the thousands digit of o?
4
What is the tens digit of 2*-181*(-50)/100?
8
Let s = 3230 + -1808. What is the hundreds digit of s?
4
Let o be (80/(-12))/(0 + 1/18). Let u = o + 210. What is the tens digit of u?
9
Let g(i) = -i**3 + 26*i**2 + 5*i - 92. What is the hundreds digit of g(25)?
6
Let p = -98 - -164. Suppose p + 84 = 5*j. Suppose j = 2*y + y. What is the units digit of y?
0
Suppose l + 5 = 0, z - 312*l = -309*l + 3955. What is the units digit of z?
0
Let f(n) = 4*n**3 - 7*n**2 - 2*n - 7. Let w(c) = -c**3 + c**2 + 1. Let m(i) = f(i) + 3*w(i). Let y be m(4). What is the tens digit of 1/(-6) + (-182)/y?
1
Let q(f) = -f**2 - 13*f - 18. Let y be q(-13). Let o = 23 + y. What is the units digit of o?
5
Suppose 27*l - 408 = 23*l. What is the hundreds digit of (-5 - -1) + 5 + l?
1
Suppose -554 + 3344 = 5*p. What is the hundreds digit of p?
5
Let w = 202 - 130. What is the tens digit of w?
7
Suppose -g - 3 + 0 = 0, 128 = 2*q - 2*g. What is the tens digit of q?
6
What is the tens digit of (-15)/9 + 29470/42?
0
Let m(s) = s**2 - 9*s - 4. Let l be m(7). Let h = l - -48. What is the units digit of h?
0
Suppose 3*c = -3*k - 351, -2*k - k = -c - 101. Let f = c - -205. What is the units digit of f?
2
Suppose -5*p = -292 - 173. Suppose p = 3*w - 0*w. Let q = w - 14. What is the units digit of q?
7
Suppose -2 = -k, -2*k - 66 = -3*l + k. Let h(b) = b + 4. Let d be h(-4). Suppose -l = -a - d. What is the tens digit of a?
2
Suppose -118 + 313 = 3*l. Let z = 155 - l. What is the tens digit of z?
9
Suppose -1040 = -2*o + 2*k, -6*o + 5*k + 2081 = -2*o. What is the units digit of o?
9
Suppose 2586 = -15*q + 21*q. What is the tens digit of q?
3
Suppose -2*s - 5*y - 3 = 0, -21 = -4*s - 2*y - 3. Let i(f) = 2*f**3 + f - 3*f**2 - 2*f**3 - s + f**3. What is the units digit of i(4)?
4
Let d = 397 + 1046. What is the hundreds digit of d?
4
Suppose 7403 = 11*y - 3630. What is the hundreds digit of y?
0
What is the tens digit of 14/28 - 1/((-2)/229)?
1
What is the units digit of ((-462)/9)/(2/(-9))?
1
Suppose 93*z + 3392 = 101*z. What is the units digit of z?
4
Suppose 2*q = 4*v + q - 16, 5*q = -4*v - 8. Let n(g) be the third derivative of g**5/12 - g**4/12 + g**3/2 - 2*g**2. What is the tens digit of n(v)?
4
Let v be ((-11)/4)/((-3)/12). Suppose -v = -4*r + 3*r. Suppose 0 = o - 2*o + r. What is the tens digit of o?
1
Let r be -4*(-4 + 5)/(-1). Let f be (-366)/4*r/6. Let l = 87 + f. What is the tens digit of l?
2
Suppose 28*f - 2*f = 10348. What is the units digit of f?
8
Let n(m) = 4*m + 6. Let h be 3/(-2 + (-11)/(-5)). Suppose 0*t + 3*t - h = 0. What is the tens digit of n(t)?
2
Let g be (-29187)/13 + 24/156. What is the units digit of g/(-25) - (-2)/10?
0
Let a = -7 + 11. Suppose -a*h + 6 = 46. Let i(y) = y**2 + 9*y + 5. What is the tens digit of i(h)?
1
Let u(j) be the first derivative of j**4/4 - 5*j**3/3 + 7*j**2/2 - 13*j + 6. What is the tens digit of u(6)?
6
Suppose 0 = -2*r + 13*r - 16874. What is the units digit of r?
4
Let k be 3/((-99)/6) + 3665/11. Suppose 2*p = -5*i + 217, -3*p = -0*p + 5*i - k. What is the units digit of p?
6
Suppose 3*b + 60750 = 53*b. What is the tens digit of b?
1
Let x = -962 + 663. What is the units digit of 4/26 - 12213/x?
1
Let g(c) = -c**3 + 12*c**2 - 11*c + 3. Let s = 13 - 2. Let v be g(s). Suppose -v*q + 2*q = -3. What is the units digit of q?
3
Let n be ((-9684)/(-22) - (-4)/(-22)) + 0. Let r = n - 293. What is the hundreds digit of r?
1
Suppose 4*m = 20 + 20. Let h(b) = m*b + 3 - 19*b + 12*b + 6. What is the tens digit of h(4)?
2
Let b(j) = j - 14. Let r be b(-8). Let x be (-4)/r - (-106)/22. Let c(o) = 5*o - 11. What is the units digit of c(x)?
4
Suppose 5*j = 2*p - 1808, -4*j = j. What is the units digit of p?
4
Let b(p) = -18 + 0*p + 3*p - 4*p. Let y be b(14). Let g = 11 - y. What is the units digit of g?
3
Let l = 36 - 50. Let p = -13 - l. Let m = p - -5. What is the units digit of m?
6
Let m = 1222 + 165. What is the thousands digit of m?
1
Suppose -3*m = 2*o - 2340, m + 2*m = 12. Suppose -2*s - 10*s + o = 0. What is the tens digit of s?
9
Suppose v = -4*b + 4*v + 121, v - 156 = -5*b. Let l = -55 + b. Let s = -2 - l. What is the units digit of s?
2
Let f(c) be the third derivative of -17*c**4/12 - 10*c**3/3 - 7*c**2. What is the units digit of f(-3)?
2
Suppose 3 + 18 = 3*h. Suppose h*w - 10*w + 111 = 0. What is the tens digit of w?
3
Let y(j) = -j - 10. Let v(h) = -h**2 + 4*h + 3. Let b be v(6). Let m be y(b). What is the tens digit of m*6*16/(-3)?
3
Let q(j) = -326*j - 1. Let h be q(1). Let u = -213 - h. What is the units digit of u?
4
Let m(x) = -9*x + 2. Let a be m(2). Let n = -85 + 152. Let r = a + n. What is the units digit of r?
1
Suppose 247 = 10*f - 7563. What is the hundreds digit of f?
7
Let l = 3251 + -1435. What is the thousands digit of l?
1
What is the hundreds digit of 1217 - (-11)/((-66)/24)?
2
Suppose -h + 115 = 4*h. Suppose -h = 4*g - 3*o, 3*g + 2*o - 6*o + 26 = 0. What is the units digit of (76 + g)*4/8?
7
Let j(h) = -h - 3. Let q be j(-3). Suppose q + 90 = -5*f. What is the units digit of (f/(-15))/((-6)/(-255))?
1
Let u = -330 - -591. What is the hundreds digit of u?
2
Suppose 8269 = 5*z + 4*j - 13688, -4*z = 5*j - 17571. What is the tens digit of z?
8
Suppose 5*w - 6*w + 1107 = 5*m, 3*w = 4*m - 878. Suppose -10*p + m = -239. What is the tens digit of p?
4
Suppose 0*w + 4*w - 5*k = -213, 0 = -2*w - 5*k - 99. Let n = 154 + w. What is the units digit of n?
2
Let k = 692 - -519. What is the hundreds digit of k?
2
Let y be 140/(-15)*(-6)/4. Let b be ((-148)/y)/((-4)/28). Suppose -c - c = -b. What is the units digit of c?
7
Let r(g) = -2 + 7*g - g + 2*g + 8. Let h be r(9). Let l = -31 + h. What is the tens digit of l?
4
Let f = -150 - -481. What is the units digit of f?
1
Let b = -6808 - -10390. What is the units digit of b?
2
Suppose 0 = -y - 4*l - 4, -2 = 5*y + 2*l - 18. Suppose y*z = 197 + 55. What is the units digit of z?
3
Let m be (-5 - -4) + (-2)/2. Let o be ((-2)/3)/(m/(-141)). Let l = o - -92. What is the units digit of l?
5
Let r = -9 - -9. Suppose u + 3 = r, 4*y = -0*u - 3*u - 9. Suppose y = -m - 2*m + 66. What is the units digit of m?
2
Suppose -8 = 8*u - 4*u, -2522 = -2*y + 3*u. What is the tens digit of y?
5
Let d be -10 + 15 + (0 - (-2 + 3)). Suppose -4 + 3 = j, j = -d*h + 711. What is the units digit of h?
8
Let s(p) = 1. Let a(i) = 21*i. Let o(d) = a(d) + 4*s(d). What is the units digit of o(5)?
9
Let x(v) = 1 - 4*v + 0*v + 30. What is the units digit of x(-11)?
5
What is the units digit of (-338 - 1)/(3 - 15/4)?
2
Let g = 185 - 59. Suppose g = 3*o + 8*y - 4*y, -5*o - 5*y + 205 = 0. What is the tens digit of o?
3
Let s be 180/(-33) - 30/55 - -10. Suppose -1 = -3*f + 11. Suppose -s*o - 16 = 0, 3 = -0*i + i + f*o. What is the tens digit of i?
1
Let k = 313 - -519. What is the units digit of k?
2
Suppose -29*b - 6800 = -37*b. What is the tens digit of b?
5
Let p be (2 - 2)*(-2)/6. What is the units digit of (-17 - -6)/(p - 1)?
1
Suppose 15*c - 10920 = 2*c. What is the hundreds digit of c?
8
Let o = 70 - 67. What is the hundreds digit of 161 + -10 + o + 4?
1
Suppose -t = 2*t + k - 4, -5*k + 5 = 0. Let q be (-2 + 0)/(t/(-2)). Suppose -q*i = -53 - 19. What is the units digit of i?
8
Suppose -2*a + 22 = 2*a - y, -4*a + 5*y + 30 = 0. Suppose 2*c + 5*i + 3 = 18, a*i - 15 = -3*c. Suppose c = v - 5*v + 20. What is the units digit of v?
5
Let t = -1560 - -2724. What is the tens digit of t?
6
Let b = -386 - -1277. What is the hundreds digit of b?
8
Let y be 0*(-1)/2 - 8. Let m = -5 - y. Suppose m*i + 0*i = 12. What is the units digit of i?
4
Let n(b) = 22*b. What is the units digit of n(29)?
8
Let c(b) = 2*b**2 - 15*b - 12. Let q be c(16). Suppose 11*o = 15*o - q. What is the tens digit of o?
6
Suppose 0 = -10*o + 236 + 2004. What is the units digit of o?
4
Let b be (3 - (-6)/(-2))*1. Let i(c) = c**3 + c**2 - c + 142. Let r be i(b). What is the tens digit of r/3 + 16/(-12)?
4
Let a(y) = 3*y + 17. Let x be a(-9). Let q(u) = 38*u**2 + 2*u - 1. Let h be q(1). Let z = x + h. What is the tens digit of